{"id":2011,"date":"2018-10-23T09:52:25","date_gmt":"2018-10-23T09:52:25","guid":{"rendered":"https:\/\/azirspares.famithemes.com\/?page_id=2011"},"modified":"2021-05-04T01:57:52","modified_gmt":"2021-05-04T01:57:52","slug":"categories","status":"publish","type":"page","link":"http:\/\/motorparts.com.ec\/index.php\/categories\/","title":{"rendered":"Categor\u00edas"},"content":{"rendered":"<div class=\"vc_row wpb_row vc_row-fluid vc_custom_1540374484299 azirspares_custom_607ce331ea02b vc_custom_1540374484299 vc_custom_1540374484299 vc_custom_1540374484308 vc_custom_1540374484324 vc_custom_1540374484335 vc_custom_1540374484299 vc_custom_1540374484299 vc_custom_1540374484308 vc_custom_1540374484324 vc_custom_1540374484335\"><div class=\"wpb_column vc_column_container vc_col-sm-12\"><div class=\"vc_column-inner\"><div class=\"wpb_wrapper\">\n\t<div class=\"wpb_text_column wpb_content_element text-block azirspares_custom_607ce331ea031 famiau_custom_607ce331c95ff \" >\n\t\t<div class=\"wpb_wrapper\">\n\t\t\t<p>Contamos con un ampl\u00edsimo stock de piezas para tus veh\u00edculos Toyota y Daihatsu. Disfrute de la calidad de repuestos que le brinda Motor Parts.<\/p>\n\n\t\t<\/div>\n\t<\/div>\n<\/div><\/div><\/div><\/div><div class=\"vc_row wpb_row vc_row-fluid vc_custom_1618795375499 vc_row-o-content-middle vc_row-flex azirspares_custom_607ce331ea034 vc_custom_1618795375499 vc_custom_1618795375499 vc_custom_1618795375486 vc_custom_1618795375493 famiau_custom_607ce331c9606 vc_custom_1618795375499 vc_custom_1618795375499 vc_custom_1618795375486 vc_custom_1618795375493\"><div class=\"wpb_column vc_column_container vc_col-sm-12 azirspares_custom_607ce331ea036 famiau_custom_607ce331c9609\"><div class=\"vc_column-inner\"><div class=\"wpb_wrapper\">            <div class=\"azirspares-slide  rows-space-0  azirspares_custom_607ce331ea039 \">\r\n\t\t\t\t                <div class=\"owl-slick equal-container better-height  \"  data-slick = {&quot;arrows&quot;:false,&quot;slidesMargin&quot;:40,&quot;dots&quot;:true,&quot;infinite&quot;:false,&quot;speed&quot;:300,&quot;slidesToShow&quot;:4,&quot;rows&quot;:1} data-responsive = [{&quot;breakpoint&quot;:480,&quot;settings&quot;:{&quot;slidesToShow&quot;:1}},{&quot;breakpoint&quot;:768,&quot;settings&quot;:{&quot;slidesToShow&quot;:1}},{&quot;breakpoint&quot;:992,&quot;settings&quot;:{&quot;slidesToShow&quot;:2}},{&quot;breakpoint&quot;:1200,&quot;settings&quot;:{&quot;slidesToShow&quot;:3}},{&quot;breakpoint&quot;:1500,&quot;settings&quot;:{&quot;slidesToShow&quot;:4}}] >\r\n\t\t\t\t\t            <div class=\"azirspares-listing default dark    azirspares_custom_607ce331ea03c famiau_custom_607ce331c960d \">\r\n                <div class=\"listing-inner\">\r\n                    <div class=\"listing-thumb\">\r\n                                                    <figure>\r\n                                <img loading=\"lazy\" decoding=\"async\" width=\"315\" height=\"168\" src=\"\/\/via.placeholder.com\/315x168\" class=\"img-responsive attachment-315x168 size-315x168\" alt=\"\" \/>                            <\/figure>\r\n                                                                                                            <h4 class=\"cat-name\">\r\n                                    <a target=\"_blank\"\r\n                                       href=\"https:\/\/api.whatsapp.com\/send?phone=+(593)994144678&#038;text=Hola,%20me%20gustaria%20obtener%20informacion%20de%20repuestos%20para%20mi\">\r\n                                        Accesorios                                    <\/a>\r\n                                <\/h4>\r\n                                                                                                        <a class=\"button\" target=\"_blank\"\r\n                               href=\"https:\/\/api.whatsapp.com\/send?phone=+(593)994144678&#038;text=Hola,%20me%20gustaria%20obtener%20informacion%20de%20repuestos%20para%20mi\">Cotizar<\/a>\r\n                                            <\/div>\r\n                                            <ul class=\"listing-list equal-elem \">\r\n                                                                                                                                <li class=\"\">\r\n                                                                                        <a href=\"#\"\r\n                                                   target=\"_blank\">\r\n                                                                                                            <span class=\"icon\"><span class=\"fas fa-angle-right\"><\/span><\/span>\r\n                                                                                                        Aros                                                <\/a>\r\n                                                                                                                        <\/li>\r\n                                                                                                                                                                <li class=\"\">\r\n                                                                                        <a href=\"#\"\r\n                                                   target=\"_blank\">\r\n                                                                                                            <span class=\"icon\"><span class=\"fas fa-angle-right\"><\/span><\/span>\r\n                                                                                                        Tuercas                                                <\/a>\r\n                                                                                                                        <\/li>\r\n                                                                                                                                                                <li class=\"\">\r\n                                                                                        <a href=\"#\"\r\n                                                   target=\"_blank\">\r\n                                                                                                            <span class=\"icon\"><span class=\"fas fa-angle-right\"><\/span><\/span>\r\n                                                                                                        Suspensi\u00f3n                                                <\/a>\r\n                                                                                                                        <\/li>\r\n                                                                                                                                                                <li class=\"\">\r\n                                                                                        <a href=\"#\"\r\n                                                   target=\"_blank\">\r\n                                                                                                            <span class=\"icon\"><span class=\"fas fa-angle-right\"><\/span><\/span>\r\n                                                                                                        M\u00e1s...                                                <\/a>\r\n                                                                                                                        <\/li>\r\n                                                                                    <\/ul>\r\n                                                        <\/div>\r\n            <\/div>\r\n                        <div class=\"azirspares-listing default dark    azirspares_custom_607ce331ea041 famiau_custom_607ce331c9612 \">\r\n                <div class=\"listing-inner\">\r\n                    <div class=\"listing-thumb\">\r\n                                                    <figure>\r\n                                <img loading=\"lazy\" decoding=\"async\" width=\"315\" height=\"168\" src=\"\/\/via.placeholder.com\/315x168\" class=\"img-responsive attachment-315x168 size-315x168\" alt=\"\" \/>                            <\/figure>\r\n                                                                                                            <h4 class=\"cat-name\">\r\n                                    <a target=\"_blank\"\r\n                                       href=\"https:\/\/api.whatsapp.com\/send?phone=+(593)994144678&#038;text=Hola,%20me%20gustaria%20obtener%20informacion%20de%20repuestos%20para%20mi\">\r\n                                        Repuestos                                    <\/a>\r\n                                <\/h4>\r\n                                                                                                        <a class=\"button\" target=\"_blank\"\r\n                               href=\"https:\/\/api.whatsapp.com\/send?phone=+(593)994144678&#038;text=Hola,%20me%20gustaria%20obtener%20informacion%20de%20repuestos%20para%20mi\">SHOP NOW<\/a>\r\n                                            <\/div>\r\n                                            <ul class=\"listing-list equal-elem \">\r\n                                                                                                                                <li class=\"\">\r\n                                                                                        <a href=\"#\"\r\n                                                   target=\"_blank\">\r\n                                                                                                            <span class=\"icon\"><span class=\"fas fa-angle-right\"><\/span><\/span>\r\n                                                                                                        Caja de cambio                                                <\/a>\r\n                                                                                                                        <\/li>\r\n                                                                                                                                                                <li class=\"\">\r\n                                                                                        <a href=\"#\"\r\n                                                   target=\"_blank\">\r\n                                                                                                            <span class=\"icon\"><span class=\"fas fa-angle-right\"><\/span><\/span>\r\n                                                                                                        Embrague                                                <\/a>\r\n                                                                                                                        <\/li>\r\n                                                                                                                                                                <li class=\"\">\r\n                                                                                        <a href=\"#\"\r\n                                                   target=\"_blank\">\r\n                                                                                                            <span class=\"icon\"><span class=\"fas fa-angle-right\"><\/span><\/span>\r\n                                                                                                        Bater\u00edas                                                <\/a>\r\n                                                                                                                        <\/li>\r\n                                                                                                                                                                <li class=\"\">\r\n                                                                                        <a href=\"#\"\r\n                                                   target=\"_blank\">\r\n                                                                                                            <span class=\"icon\"><span class=\"fas fa-angle-right\"><\/span><\/span>\r\n                                                                                                        M\u00e1s...                                                <\/a>\r\n                                                                                                                        <\/li>\r\n                                                                                    <\/ul>\r\n                                                        <\/div>\r\n            <\/div>\r\n                        <div class=\"azirspares-listing default dark    azirspares_custom_607ce331ea046 famiau_custom_607ce331c9617 \">\r\n                <div class=\"listing-inner\">\r\n                    <div class=\"listing-thumb\">\r\n                                                    <figure>\r\n                                <img loading=\"lazy\" decoding=\"async\" width=\"315\" height=\"168\" src=\"\/\/via.placeholder.com\/315x168\" class=\"img-responsive attachment-315x168 size-315x168\" alt=\"\" \/>                            <\/figure>\r\n                                                                                                            <h4 class=\"cat-name\">\r\n                                    <a target=\"_blank\"\r\n                                       href=\"https:\/\/api.whatsapp.com\/send?phone=+(593)994144678&#038;text=Hola,%20me%20gustaria%20obtener%20informacion%20de%20repuestos%20para%20mi\">\r\n                                        Performance                                    <\/a>\r\n                                <\/h4>\r\n                                                                                                        <a class=\"button\" target=\"_blank\"\r\n                               href=\"https:\/\/api.whatsapp.com\/send?phone=+(593)994144678&#038;text=Hola,%20me%20gustaria%20obtener%20informacion%20de%20repuestos%20para%20mi\">COTIZAR<\/a>\r\n                                            <\/div>\r\n                                            <ul class=\"listing-list equal-elem \">\r\n                                                                                                                                <li class=\"\">\r\n                                                                                        <a href=\"#\"\r\n                                                   target=\"_blank\">\r\n                                                                                                            <span class=\"icon\"><span class=\"fas fa-angle-right\"><\/span><\/span>\r\n                                                                                                        Suspensi\u00f3n\/chasis                                                <\/a>\r\n                                                                                                                        <\/li>\r\n                                                                                                                                                                <li class=\"\">\r\n                                                                                        <a href=\"#\"\r\n                                                   target=\"_blank\">\r\n                                                                                                            <span class=\"icon\"><span class=\"fas fa-angle-right\"><\/span><\/span>\r\n                                                                                                        Transmisi\u00f3n de rendimiento                                                <\/a>\r\n                                                                                                                        <\/li>\r\n                                                                                                                                                                <li class=\"\">\r\n                                                                                        <a href=\"#\"\r\n                                                   target=\"_blank\">\r\n                                                                                                            <span class=\"icon\"><span class=\"fas fa-angle-right\"><\/span><\/span>\r\n                                                                                                        Accesorios para motor                                                <\/a>\r\n                                                                                                                        <\/li>\r\n                                                                                                                                                                <li class=\"\">\r\n                                                                                        <a href=\"#\"\r\n                                                   target=\"_blank\">\r\n                                                                                                            <span class=\"icon\"><span class=\"fas fa-angle-right\"><\/span><\/span>\r\n                                                                                                        M\u00e1s...                                                <\/a>\r\n                                                                                                                        <\/li>\r\n                                                                                    <\/ul>\r\n                                                        <\/div>\r\n            <\/div>\r\n                            <\/div>\r\n            <\/div>\r\n\t\t\t<\/div><\/div><\/div><\/div>\n","protected":false},"excerpt":{"rendered":"Contamos con un ampl\u00edsimo stock de piezas para tus veh\u00edculos Toyota y Daihatsu. Disfrute de la calidad de repuestos que le brinda Motor Parts. Accesorios Cotizar Aros Tuercas Suspensi\u00f3n M\u00e1s... Repuestos SHOP NOW Caja de cambio Embrague Bater\u00edas M\u00e1s... Performance COTIZAR Suspensi\u00f3n\/chasis Transmisi\u00f3n de rendimiento Accesorios para motor M\u00e1s...","protected":false},"author":1,"featured_media":0,"parent":0,"menu_order":0,"comment_status":"closed","ping_status":"closed","template":"","meta":{"footnotes":""},"class_list":["post-2011","page","type-page","status-publish","hentry"],"_links":{"self":[{"href":"http:\/\/motorparts.com.ec\/index.php\/wp-json\/wp\/v2\/pages\/2011","targetHints":{"allow":["GET"]}}],"collection":[{"href":"http:\/\/motorparts.com.ec\/index.php\/wp-json\/wp\/v2\/pages"}],"about":[{"href":"http:\/\/motorparts.com.ec\/index.php\/wp-json\/wp\/v2\/types\/page"}],"author":[{"embeddable":true,"href":"http:\/\/motorparts.com.ec\/index.php\/wp-json\/wp\/v2\/users\/1"}],"replies":[{"embeddable":true,"href":"http:\/\/motorparts.com.ec\/index.php\/wp-json\/wp\/v2\/comments?post=2011"}],"version-history":[{"count":20,"href":"http:\/\/motorparts.com.ec\/index.php\/wp-json\/wp\/v2\/pages\/2011\/revisions"}],"predecessor-version":[{"id":5303,"href":"http:\/\/motorparts.com.ec\/index.php\/wp-json\/wp\/v2\/pages\/2011\/revisions\/5303"}],"wp:attachment":[{"href":"http:\/\/motorparts.com.ec\/index.php\/wp-json\/wp\/v2\/media?parent=2011"}],"curies":[{"name":"wp","href":"https:\/\/api.w.org\/{rel}","templated":true}]}}